650)/10 - 5/1. Let b be 2/(-13) + 23/((-2093)/m). What is the highest common factor of b and 64?
16
Let y be 348/(-8)*(-1 - 5). Let l(t) = -420*t - 1651. Let q be l(-4). What is the highest common factor of y and q?
29
Let b be (2/(-9) - (-504)/81) + -2. Let n be (80/(-6) + b)*-6. Let v = n + -40. Calculate the greatest common factor of 112 and v.
16
Suppose 7*a - 4*a - 207 = 0. Let c(u) = -32*u + 14. Let w be c(-1). What is the greatest common divisor of a and w?
23
Suppose 4*l + 4*t - 7066 = 7*t, 2*t = -2*l + 3554. Calculate the highest common factor of l and 44.
11
Let x be (-4432)/12*-15*(-39)/(-130). What is the greatest common factor of 18 and x?
6
Let l = -1281 + 20276. What is the highest common divisor of l and 145?
145
Suppose -31*r - 10*r - 19*r + 11160 = 0. What is the highest common divisor of r and 1519?
31
Let x = -11 + 8. Let g be 9 - ((8 - 4) + x). Suppose g*m - 692 + 164 = 0. What is the greatest common factor of m and 22?
22
Let c be (-20)/50 - (-487)/5. Suppose 5*a = c + 83. Calculate the greatest common factor of 4 and a.
4
Suppose -4*q = 3*p - 1380, -5*q - 5*p = -693 - 1037. Let g be (1 - -2)/1 + -39. Let k = g - -74. Calculate the highest common factor of k and q.
38
Let p(d) = 3*d**3 + 21*d**2 - 17*d - 15. Let u be p(-7). Let a = u + -83. Calculate the greatest common factor of a and 27.
3
Suppose 649 = 34*j + 139. Calculate the greatest common divisor of j and 1920.
15
Suppose 0 = 2*p - z + 111, -208 = 3*p + 5*z - 48. Let s be ((-9)/(180/p))/((-1)/(-20)). What is the highest common divisor of 440 and s?
55
Let s = -8254 - -8334. Calculate the greatest common divisor of s and 265.
5
Let r(c) = -c**2 - 128*c + 674. Let m be r(5). What is the highest common factor of m and 393?
3
Suppose -5*p = -2*h - h - 1895, -5*h - 1503 = -4*p. Let c = p - 151. What is the highest common divisor of 77 and c?
77
Let i be 1*((-49)/7)/7. Let s(z) = -27*z**3 - z**2 - 5*z - 4. Let h be s(i). Let w(j) = -j + 81. Let q be w(0). Calculate the highest common factor of q and h.
27
Let b = -32 + 39. Suppose 4*g + 4*q + 692 = b*g, -2*g + 2*q + 458 = 0. What is the greatest common factor of g and 84?
28
Suppose 0 = -2*f + j + 424, -j - 20 = -26. Calculate the highest common factor of 516 and f.
43
Suppose 16*w - 502 - 538 = 0. Suppose 4*z = -3*l + w, -24 = -l + 6*z - 5*z. Let x = l - 19. What is the greatest common divisor of x and 4?
4
Let f = 11 - 2. Let s = 7017 - 6684. Calculate the greatest common divisor of s and f.
9
Let g = 291 - 334. Let p = g - -49. What is the greatest common factor of p and 246?
6
Let z(d) = -d**3 + 16*d**2 + d + 2. Let l be ((-256)/(-112))/((-2)/(-14)). Let j be z(l). Calculate the greatest common factor of j and 738.
18
Let n(g) = -29*g + 3589. Let v be n(103). What is the greatest common factor of 14 and v?
14
Let r = 483 + -323. Let l = 890 - 870. What is the highest common factor of l and r?
20
Suppose 3*j - 10999 = -44*b + 39*b, 5*b + 4*j - 10997 = 0. Calculate the highest common factor of 93 and b.
31
Let s(z) = -2*z**3 + 16*z**2 + z - 50. Let v be s(10). Let m = v + 462. What is the highest common factor of 154 and m?
22
Suppose -2*v + 10 - 2 + 72 = 0. Suppose 3*l + 2*l - 950 = 4*w, 0 = -3*w. Calculate the highest common divisor of l and v.
10
Suppose -4*x = 5*i - 99357, -800*i + 796*i = 5*x - 124203. What is the greatest common factor of 147 and x?
147
Let l be 2/12 - 144495/(-1026). Suppose j - 94 = -j. Calculate the greatest common divisor of l and j.
47
Suppose 36*h - 24185 + 3013 = 4928. What is the greatest common factor of 250 and h?
25
Suppose -c + 4 = 1. Suppose v + 5*x + 11 = 0, 6*v - c*x = v + 29. Suppose v*w = 6*w - 56. Calculate the highest common factor of 14 and w.
14
Let d(y) = 7*y**2 + 397*y + 1566. Let m be d(-4). What is the highest common factor of 342 and m?
18
Suppose 92 = z - 5*h, -2*h + 150 = z + 44. What is the highest common factor of z and 2618?
34
Let m be (-321)/(((-36)/(-48))/((-2)/4)). Calculate the highest common divisor of m and 24503.
107
Let q be 39644/17 - (4/(-1))/(-4). Calculate the highest common factor of q and 42.
21
Let k be (-17)/(-85)*10/1. Calculate the greatest common factor of 113 and k.
1
Let w(x) = 119*x. Let d be w(1). Let y be 23*(6 - 4)*-1. Let o be (234/15 - -1) + y/(-115). What is the highest common factor of o and d?
17
Let x(c) = 3*c**2 + 4*c + 30. Let f be x(-18). Suppose 14*o - 4*o = f. Calculate the greatest common factor of o and 124.
31
Suppose 0 = 3*c + 208 - 109. Let j = -30 - c. Suppose 90 = 2*z + j*z. What is the highest common divisor of z and 24?
6
Let y be ((-806)/(-130))/(3/15). Suppose 4*j - 4 + y = c, 0 = j + 5. Calculate the greatest common divisor of 581 and c.
7
Let q(m) = -m**3 + 11*m**2 - 74*m + 266. Let r be q(6). Let n be 18*(-1)/(-2) - 3. Calculate the highest common divisor of r and n.
2
Suppose 14*j - 180 = -4*j. Let v(q) = -q**2 - 3*q + 187. Let g be v(j). Calculate the greatest common factor of g and 1083.
57
Let l(k) = -5*k - 129. Let z be l(-24). Let d be (-89)/z - (-27)/243. Let g = 38 + 2. What is the greatest common factor of d and g?
10
Let a = 25354 - 18955. What is the highest common factor of a and 9?
9
Suppose 1148*i + 148 = 1150*i - 2*z, -3*i - 2*z + 232 = 0. What is the highest common factor of 3724 and i?
76
Let m be (-1 + 0)*(-9 - 1). Let f be 843 + 42/(-12) + (-2)/(-4). Suppose -3*s - 11*s = -f. Calculate the greatest common factor of m and s.
10
Suppose -8*z + 14 = -6*z. Let y = 9 - z. Suppose -q - 11 = -v, q + 27 = -y*v + 5*v. Calculate the highest common divisor of 20 and v.
4
Let q(c) = c**3 + 54. Let s = -6 + 6. Let i be q(s). Let f(l) = l**3 + 10*l**2 + 13*l + 3. Let y be f(-3). Calculate the highest common factor of y and i.
27
Let m(c) = -c**2 + 8. Let j be m(-4). Let n be (-4)/(j/6) + 23. Suppose 4*a + 3*i - 30 - 74 = 0, a - i - n = 0. What is the greatest common divisor of 13 and a?
13
Let b(k) = -k**3 - 11*k**2 + 6*k - 59. Suppose d + 10*d = -132. Let t be b(d). What is the highest common divisor of t and 325?
13
Let o be 78/20 + 18/180. Suppose 4*a + o*b + 0*b = 328, -5 = -b. Calculate the highest common factor of a and 11.
11
Suppose 585 = -0*q + 3*q - 5*g, -q + 3*g = -191. What is the highest common divisor of 1725 and q?
25
Let t(k) = 2*k**2 + 13*k - k**2 - 133 - 48*k. Let i be t(39). Calculate the highest common factor of i and 1.
1
Let p = 2092 - -3193. What is the greatest common divisor of p and 70?
35
Let k(v) = 3*v**2 - 30*v + 150. Let g be k(6). What is the highest common divisor of 2418 and g?
78
Let g be (-8)/(-6)*((-1130)/(-40) - 8). Let c = -126 + 135. Calculate the greatest common factor of g and c.
9
Suppose -6 = -4*j + 6. Suppose j*n = -g + 435, -2*g = 3*g. Let i(a) = 17*a - 5. Let c be i(2). Calculate the greatest common divisor of c and n.
29
Let j be (-1230)/(-51) + (-6)/51. Let h be 2/(-6) + 536/j. Suppose 0 = -10*r + 88 + h. Calculate the highest common divisor of r and 1.
1
Suppose 40*t = 49*t - 45. Suppose -3*q - 1 = 5*d, -q + t*d = -9 - 4. What is the highest common factor of q and 303?
3
Suppose -183*b + 15708 = -6*b - 6063. What is the greatest common divisor of b and 3649?
41
Let c(z) = -z + 8. Let m be c(-6). Let v = -498 - -501. Suppose 4*h - 153 = 3*n, v*n = 5*n - 10. What is the greatest common factor of m and h?
14
Let y(f) = -f + 10 + 4 + 4 + 8. Let b be y(2). Suppose -3 = 3*g, -2*m + 5*g + 0 = -37. What is the greatest common factor of m and b?
8
Suppose 51212 = -15056*p + 15058*p. Calculate the highest common factor of 236 and p.
118
Let p be (-20)/(-2) - (64 + -56). Suppose p*a - 599 = -503. Let y = -11 + 27. Calculate the greatest common factor of y and a.
16
Let g = 444 - 433. Let u = 274 + -153. What is the highest common divisor of u and g?
11
Suppose 10*x - 104 = 6*x. Let i = 3792 + -3790. Calculate the greatest common factor of x and i.
2
Let f = 18 + 10. Suppose -88 = -12*q - f. What is the greatest common factor of q and 3?
1
Let a(x) = x + 14. Let j be a(-11). Suppose -4*s - j = -s. Let b be (-1)/(s/(-4 + 64)). Calculate the highest common factor of 40 and b.
20
Let q be (24/(-51))/4 - (-33804)/68. Let c = 659 - q. What is the highest common divisor of c and 2?
2
Let y be (-8066)/(-148) + 1*1/2. Let d(n) = n**3 - 3*n**2 + 5*n + 3. Let f be d(4). Let q = 